{"version":"1.0","provider_name":"Eglise Protestante Unie de Courseulles","provider_url":"https:\/\/epu-courseulles.fr","author_name":"Axel Weytens","author_url":"https:\/\/epu-courseulles.fr\/index.php\/author\/axelweytens\/","title":"Culte du 2 octobre 2021 - Eglise Protestante Unie de Courseulles","type":"rich","width":600,"height":338,"html":"<blockquote class=\"wp-embedded-content\" data-secret=\"VocZq0rPjc\"><a href=\"https:\/\/epu-courseulles.fr\/index.php\/2021\/10\/02\/culte-du-2-octobre-2021\/\">Culte du 2 octobre 2021<\/a><\/blockquote><iframe sandbox=\"allow-scripts\" security=\"restricted\" src=\"https:\/\/epu-courseulles.fr\/index.php\/2021\/10\/02\/culte-du-2-octobre-2021\/embed\/#?secret=VocZq0rPjc\" width=\"600\" height=\"338\" title=\"\u00ab\u00a0Culte du 2 octobre 2021\u00a0\u00bb &#8212; Eglise Protestante Unie de Courseulles\" data-secret=\"VocZq0rPjc\" frameborder=\"0\" marginwidth=\"0\" marginheight=\"0\" scrolling=\"no\" class=\"wp-embedded-content\"><\/iframe><script type=\"text\/javascript\">\n\/* <![CDATA[ *\/\n\/*! This file is auto-generated *\/\n!function(d,l){\"use strict\";l.querySelector&&d.addEventListener&&\"undefined\"!=typeof URL&&(d.wp=d.wp||{},d.wp.receiveEmbedMessage||(d.wp.receiveEmbedMessage=function(e){var t=e.data;if((t||t.secret||t.message||t.value)&&!\/[^a-zA-Z0-9]\/.test(t.secret)){for(var s,r,n,a=l.querySelectorAll('iframe[data-secret=\"'+t.secret+'\"]'),o=l.querySelectorAll('blockquote[data-secret=\"'+t.secret+'\"]'),c=new RegExp(\"^https?:$\",\"i\"),i=0;i<o.length;i++)o[i].style.display=\"none\";for(i=0;i<a.length;i++)s=a[i],e.source===s.contentWindow&&(s.removeAttribute(\"style\"),\"height\"===t.message?(1e3<(r=parseInt(t.value,10))?r=1e3:~~r<200&&(r=200),s.height=r):\"link\"===t.message&&(r=new URL(s.getAttribute(\"src\")),n=new URL(t.value),c.test(n.protocol))&&n.host===r.host&&l.activeElement===s&&(d.top.location.href=t.value))}},d.addEventListener(\"message\",d.wp.receiveEmbedMessage,!1),l.addEventListener(\"DOMContentLoaded\",function(){for(var e,t,s=l.querySelectorAll(\"iframe.wp-embedded-content\"),r=0;r<s.length;r++)(t=(e=s[r]).getAttribute(\"data-secret\"))||(t=Math.random().toString(36).substring(2,12),e.src+=\"#?secret=\"+t,e.setAttribute(\"data-secret\",t)),e.contentWindow.postMessage({message:\"ready\",secret:t},\"*\")},!1)))}(window,document);\n\/\/# sourceURL=https:\/\/epu-courseulles.fr\/wp-includes\/js\/wp-embed.min.js\n\/* ]]> *\/\n<\/script>\n","thumbnail_url":"https:\/\/i0.wp.com\/epu-courseulles.fr\/wp-content\/uploads\/2021\/09\/Sans-titre.jpg?fit=176%2C161&ssl=1","thumbnail_width":176,"thumbnail_height":161,"description":"PREMI\u00c8RE LECTURE (Gn 1, 26-28) 26 Dieu dit&nbsp;: \u00ab&nbsp;Faisons l\u2019homme \u00e0 notre image, selon notre ressemblance. Qu\u2019il soit le ma\u00eetre des poissons de la mer, des oiseaux du ciel, des bestiaux, de toutes les b\u00eates sauvages, et de toutes les bestioles qui vont et viennent sur la terre.&nbsp;\u00bb 27 Dieu cr\u00e9a l\u2019homme \u00e0 son image, \u00e0 l\u2019image de Dieu il le cr\u00e9a, il les cr\u00e9a m\u00e2le et femelle. 28 Dieu les b\u00e9nit et leur dit&nbsp;: \u00ab&nbsp;Soyez f\u00e9conds et multipliez-vous, remplissez...Lire la suite Lire la suite"}

PREMIÈRE LECTURE (Gn 1, 26-28) 26 Dieu dit&nbsp;: «&nbsp;Faisons l’homme à notre image, selon notre ressemblance. Qu’il soit le maître des poissons de la mer, des oiseaux du ciel, des bestiaux, de toutes les bêtes sauvages, et de toutes les bestioles qui vont et viennent sur la terre.&nbsp;» 27 Dieu créa l’homme à son image, à l’image de Dieu il le créa, il les créa mâle et femelle. 28 Dieu les bénit et leur dit&nbsp;: «&nbsp;Soyez féconds et multipliez-vous, remplissez...Lire la suite Lire la suite
